 547
What are the prime factors of 3707?
11, 337
What are the prime factors of 30244?
2, 7561
List the prime factors of 8387.
8387
List the prime factors of 2278.
2, 17, 67
List the prime factors of 1740.
2, 3, 5, 29
What are the prime factors of 1375?
5, 11
What are the prime factors of 1088?
2, 17
What are the prime factors of 33553?
13, 29, 89
What are the prime factors of 7831?
41, 191
List the prime factors of 6043.
6043
What are the prime factors of 3282?
2, 3, 547
What are the prime factors of 66742?
2, 13, 17, 151
What are the prime factors of 44795?
5, 17, 31
List the prime factors of 7877.
7877
List the prime factors of 4415.
5, 883
What are the prime factors of 4794?
2, 3, 17, 47
List the prime factors of 15543.
3, 11, 157
List the prime factors of 1182.
2, 3, 197
What are the prime factors of 11930?
2, 5, 1193
What are the prime factors of 33?
3, 11
What are the prime factors of 5806?
2, 2903
What are the prime factors of 81188?
2, 20297
List the prime factors of 636.
2, 3, 53
List the prime factors of 2529.
3, 281
List the prime factors of 23837.
11, 197
List the prime factors of 65788.
2, 16447
List the prime factors of 5101.
5101
List the prime factors of 2625.
3, 5, 7
What are the prime factors of 34020?
2, 3, 5, 7
List the prime factors of 1926.
2, 3, 107
List the prime factors of 29.
29
List the prime factors of 37978.
2, 17, 1117
What are the prime factors of 1643?
31, 53
List the prime factors of 3499.
3499
List the prime factors of 27463.
29, 947
List the prime factors of 69791.
101, 691
List the prime factors of 5018.
2, 13, 193
List the prime factors of 2153.
2153
What are the prime factors of 362?
2, 181
List the prime factors of 283.
283
What are the prime factors of 17900?
2, 5, 179
List the prime factors of 2029.
2029
What are the prime factors of 2909?
2909
What are the prime factors of 1958?
2, 11, 89
What are the prime factors of 270?
2, 3, 5
What are the prime factors of 38893?
19, 23, 89
List the prime factors of 833.
7, 17
List the prime factors of 16314.
2, 3, 2719
List the prime factors of 6035.
5, 17, 71
List the prime factors of 44924.
2, 11, 1021
What are the prime factors of 27020?
2, 5, 7, 193
What are the prime factors of 147?
3, 7
What are the prime factors of 2803?
2803
What are the prime factors of 1886?
2, 23, 41
List the prime factors of 3770.
2, 5, 13, 29
List the prime factors of 108.
2, 3
List the prime factors of 46.
2, 23
What are the prime factors of 1661?
11, 151
List the prime factors of 16751.
7, 2393
What are the prime factors of 4451?
4451
List the prime factors of 4712.
2, 19, 31
List the prime factors of 5587.
37, 151
What are the prime factors of 4311?
3, 479
List the prime factors of 15582.
2, 3, 7, 53
What are the prime factors of 1278?
2, 3, 71
What are the prime factors of 11548?
2, 2887
What are the prime factors of 6912?
2, 3
What are the prime factors of 2542?
2, 31, 41
What are the prime factors of 354?
2, 3, 59
List the prime factors of 472.
2, 59
List the prime factors of 100.
2, 5
What are the prime factors of 2908?
2, 727
What are the prime factors of 99812?
2, 24953
List the prime factors of 2751.
3, 7, 131
What are the prime factors of 33614?
2, 7
What are the prime factors of 10560?
2, 3, 5, 11
List the prime factors of 93255.
3, 5, 6217
What are the prime factors of 70679?
7, 23, 439
What are the prime factors of 2159?
17, 127
What are the prime factors of 3335?
5, 23, 29
What are the prime factors of 4360?
2, 5, 109
What are the prime factors of 7473?
3, 47, 53
List the prime factors of 1840.
2, 5, 23
What are the prime factors of 2973?
3, 991
What are the prime factors of 30908?
2, 7727
What are the prime factors of 36818?
2, 41, 449
List the prime factors of 59085.
3, 5, 13, 101
What are the prime factors of 14214?
2, 3, 23, 103
List the prime factors of 11139.
3, 47, 79
What are the prime factors of 26094?
2, 3, 4349
List the prime factors of 16791.
3, 29, 193
What are the prime factors of 39440?
2, 5, 17, 29
What are the prime factors of 958?
2, 479
What are the prime factors of 404?
2, 101
List the prime factors of 5190.
2, 3, 5, 173
List the prime factors of 74594.
2, 13, 19, 151
What are the prime factors of 1237?
1237
What are the prime factors of 10835?
5, 11, 197
List the prime factors of 127348.
2, 13, 31, 79
List the prime factors of 3464.
2, 433
What are the prime factors of 7399?
7, 151
What are the prime factors of 1728?
2, 3
What are the prime factors of 1847?
1847
What are the prime factors of 11925?
3, 5, 53
What are the prime factors of 6692?
2, 7, 239
List the prime factors of 4506.
2, 3, 751
What are the prime factors of 126556?
2, 29, 1091
What are the prime factors of 10264?
2, 1283
List the prime factors of 592.
2, 37
List the prime factors of 5644.
2, 17, 83
What are the prime factors of 8096?
2, 11, 23
What are the prime factors of 9375?
3, 5
What are the prime factors of 27381?
3, 9127
What are the prime factors of 3353?
7, 479
List the prime factors of 612.
2, 3, 17
List the prime factors of 2792.
2, 349
List the prime factors of 20822.
2, 29, 359
List the prime factors of 9723.
3, 7, 463
What are the prime factors of 27287?
13, 2099
List the prime factors of 51.
3, 17
List the prime factors of 407.
11, 37
What are the prime factors of 9653?
7, 197
List the prime factors of 11803.
11, 29, 37
List the prime factors of 2275.
5, 7, 13
List the prime factors of 7205.
5, 11, 131
List the prime factors of 5108.
2, 1277
List the prime factors of 301.
7, 43
List the prime factors of 4304.
2, 269
List the prime factors of 287.
7, 41
What are the prime factors of 9772?
2, 7, 349
What are the prime factors of 111242?
2, 55621
What are the prime factors of 28708?
2, 7177
What are the prime factors of 56940?
2, 3, 5, 13, 73
List the prime factors of 24260.
2, 5, 1213
List the prime factors of 4136.
2, 11, 47
What are the prime factors of 110502?
2, 3, 7, 877
List the prime factors of 1444.
2, 19
What are the prime factors of 14915?
5, 19, 157
List the prime factors of 1415.
5, 283
What are the prime factors of 2321?
11, 211
What are the prime factors of 707?
7, 101
List the prime factors of 27108.
2, 3, 251
What are the prime factors of 164229?
3, 13, 4211
List the prime factors of 139.
139
List the prime factors of 94587.
3, 41, 769
What are the prime factors of 18589?
29, 641
List the prime factors of 115146.
2, 3, 6397
What are the prime factors of 20774?
2, 13, 17, 47
What are the prime factors of 1116?
2, 3, 31
What are the prime factors of 1645?
5, 7, 47
What are the prime factors of 27041?
7, 3863
What are the prime factors of 5937?
3, 1979
What are the prime factors of 1939?
7, 277
List the prime factors of 1540.
2, 5, 7, 11
What are the prime factors of 27913?
103, 271
List the prime factors of 54277.
54277
What are the prime factors of 1691?
19, 89
What are the prime factors of 993?
3, 331
List the prime factors of 6789.
3, 31, 73
List the prime factors of 3183.
3, 1061
List the prime factors of 10134.
2, 3, 563
What are the prime factors of 6358?
2, 11, 17
What are the prime factors of 7177?
7177
What are the prime factors of 772?
2, 193
What are the prime factors of 4671?
3, 173
What are the prime factors of 57952?
2, 1811
What are the prime factors of 10376?
2, 1297
What are the prime factors of 111?
3, 37
List the prime factors of 1247.
29, 43
List the prime factors of 3629.
19, 191
List the prime factors of 3471.
3, 13, 89
List the prime factors of 43729.
7, 6247
What are the prime factors of 13494?
2, 3, 13, 173
What are the prime factors of 69957?
3, 2591
What are the prime factors of 844?
2, 211
List the prime factors of 329.
7, 47
List the prime factors of 1319.
1319
List the prime factors of 4231.
4231
What are the prime factors of 2597?
7, 53
What are the prime factors of 9229?
11, 839
What are the prime factors of 24?
2, 3
List the prime factors of 2936.
2, 367
List the prime factors of 1143.
3, 127
What are the prime factors of 6388?
2, 1597
What are the prime factors of 18783?
3, 2087
List the prime factors of 955.
5, 191
What are the prime factors of 4512?
2, 3, 47
What are the prime factors of 12029?
23, 523
List the prime factors of 101140.
2, 5, 13, 389
What are the prime factors of 4763?
11, 433
List the prime factors o